er when 96 is divided by 6/15 + 68/p?
12
Let c(g) = -21*g**2 - 9*g + 76. Let h(z) = 16*z**2 + 8*z - 75. Let k(v) = -3*c(v) - 4*h(v). What is the remainder when k(0) is divided by 29?
14
Let m be (-1269798)/(-3422) - 4/58. Suppose -1087 = -4*h - m. Let s(c) = 2*c**2 - 5*c + 3. Calculate the remainder when h is divided by s(6).
44
Suppose -5*z + 6*s + 46 = 3*s, -2*z = -4*s - 24. Suppose 127*w - z = 126*w. Calculate the remainder when 26 is divided by w.
2
Suppose 40 = 5*c - 9*c. Let d be ((-24)/c - 2) + 198/55. Suppose 2*y - d*y = -112. Calculate the remainder when y is divided by 19.
18
Let x = 16 + -14. Suppose 4*w = u + 132, -x*w - 2*u = u - 80. Suppose -5*r = 4 - w. Calculate the remainder when 16 is divided by r.
4
Calculate the remainder when 3/3 + 976 + -1 + 7 + -4 is divided by 6.
1
Suppose 0 = -l - 5 + 17. Let j = 1142 - 1100. Suppose m + 3*q - l = -0*m, -3*q - j = -2*m. What is the remainder when 142 is divided by m?
16
Suppose -3 = q - 4. Let a be (-4 + -263)*1/(-3)*q. Suppose -5 + a = 2*v. What is the remainder when v is divided by 11?
9
What is the remainder when ((-1599)/164)/39 - ((-4597)/4 + 1) is divided by 1126?
22
Suppose j - 7*b = -2*b + 3, -5*b + 62 = 4*j. Suppose -h + 3*h + 4*u = 32, -5*h + 5*u = -140. Calculate the remainder when h is divided by j.
11
What is the remainder when 162 is divided by 1/5 + -2*4046/(-140)?
46
Suppose -10 = -g - g. Suppose -8 + g = -a. Suppose -a*o + 3*j - 56 = -4*o, -3*o + 216 = -3*j. Calculate the remainder when o is divided by 36.
32
Let a(q) = -q**2 + 59*q - 15. Calculate the remainder when a(6) is divided by 302.
1
Suppose -1450 = -35*f + 6*f. What is the remainder when (-38)/133 - (-12155)/35 is divided by f?
47
Suppose -10*s - 4822 + 29732 = 0. Calculate the remainder when s is divided by 16.
11
Let y(f) = -2*f**2 - 4*f + 4. Let a be y(-9). Let i = a - -171. Calculate the remainder when i is divided by 11.
5
Let z be (-3 + 4)*(-7 + 9). Calculate the remainder when 0/(-4 + (5 - z)) - -79 is divided by 8.
7
Let v(m) = 4*m**2 + 8*m + 43. What is the remainder when 1325 is divided by v(-5)?
89
Calculate the remainder when 5375 is divided by 135/45 - 25/(-1).
27
Suppose -7*v + 5*v - 1988 = -4*c, 0 = -3*c - 2*v + 1512. What is the remainder when c is divided by 130?
110
Suppose -4*r - 34*r = 760. What is the remainder when 906/9 - 7/(-1 + r) is divided by 21?
17
Suppose -21*u + 22*u - 51 = 2*z, -315 = -5*u - 2*z. What is the remainder when 729 is divided by u?
58
Suppose -6*f + 123 = -399. Let u = f + -59. Suppose -2*n = w - u, 0*w + 15 = n + w. Calculate the remainder when n is divided by 10.
3
Let l = 24055 - 24026. Calculate the remainder when 286 is divided by l.
25
Let b be (2/1)/((-1)/(-1)). Suppose b*l + 28 = 6*l. What is the remainder when (4/(-10))/(12/(-480)) + 3 is divided by l?
5
Suppose -4*a = -u + 11, -5*u + 32 = -3*u + 2*a. Let m = u + 145. What is the remainder when m is divided by 49?
13
Let a = -83844 + 83907. Let c = -240 + 420. Calculate the remainder when c is divided by a.
54
Suppose x + 2058 = 4*n, -4*x = -5 + 13. Calculate the remainder when n is divided by 499.
15
Suppose 4*n - 18 = -b, -41*b + 40*b + 6 = n. Let u(f) = f + 6. Let d be u(-4). Calculate the remainder when (d/5)/((-1)/(-5)) is divided by b.
0
Let l(h) = 7*h**2 - 3*h + 15. Let c(m) = -6*m**2 + 3*m - 14. Let p(d) = -5*c(d) - 4*l(d). What is the remainder when 87 is divided by p(0)?
7
Let w = 3154 - 1429. Calculate the remainder when w is divided by 96.
93
Suppose 4*f = 5*m - 6*m + 161, 0 = -4*m + 4*f + 704. What is the remainder when 1532 is divided by m?
148
Let g = -238266 + 238290. Let i(d) = -d**3 - 3*d**2 - 3*d - 4. Calculate the remainder when g is divided by i(-3).
4
Suppose 11*c = 1752 - 542. Calculate the remainder when c is divided by 73.
37
Let u = 3473 + -3362. Calculate the remainder when 573 is divided by u.
18
Let c = -86 + 94. Suppose 29 - c = 3*j. Suppose 3*f = j*f - 20. Calculate the remainder when 15 is divided by f.
0
Let v = -10033 + 10113. What is the remainder when 725 is divided by v?
5
Let i = 16 + -13. Let p = 73 + -61. Let c = p + i. Calculate the remainder when c is divided by 5.
0
Let x(y) = 7*y**2 - 2. Let d = 8713 + -8675. Calculate the remainder when x(3) is divided by d.
23
Suppose -q - 138 = -5*n + 282, 2*n + 4*q = 190. Suppose 40*d + 6281 + 23159 = 0. Let f = -726 - d. What is the remainder when n is divided by f?
5
Let r = 145 + 16. Let g = 564 - 537. What is the remainder when r is divided by g?
26
Let n(o) = -6*o**3 + 6*o**2 + 18*o - 8. Let k(d) = -d**3 + d - 1. Let t(h) = 10*k(h) - n(h). Calculate the remainder when 54 is divided by t(-2).
10
Let q be (2/(-3))/((-18)/81). Suppose -q*x + 27 = 4*k - 25, -4*x + 68 = 5*k. What is the remainder when 43 is divided by x?
7
Suppose 5*p = -5*b - 4 + 29, -p + 26 = 4*b. Suppose -524 = -4*l + 4*r, 5*l - l + 4*r = 540. Suppose -b + l = 3*a. What is the remainder when a is divided by 5?
2
Let h(m) = 10*m**2 - 247*m + 63. What is the remainder when h(26) is divided by 61?
35
Suppose 2*c + f + 26 + 29 = 0, -4*f - 85 = 3*c. Let n(m) = 2*m**2 + 54*m + 36. Calculate the remainder when 177 is divided by n(c).
33
Suppose -27 - 25 = -4*y. Suppose -12*w + y*w = 24. Let m = 283 - 166. Calculate the remainder when m is divided by w.
21
What is the remainder when 1116 is divided by 23820/170 - 30/255?
136
What is the remainder when ((-28)/(-18))/(113/7119) is divided by 63?
35
Let u = -82 + 237. Suppose -188*j + 192*j = -40, -j - 130 = -2*p. Calculate the remainder when p is divided by (-2)/9 - u/(-9).
9
Suppose -98*h + 101*h = 3*g - 1917, -5*g + 1911 = -3*h. Let a = 667 + h. What is the remainder when 196 is divided by a?
21
Let v be -2 + 12/(12/4). Suppose -v*o - 46 = -3*f + f, -3*f + 67 = -5*o. Calculate the remainder when 45 is divided by (((-2)/3)/2)/((-1)/f).
5
Let b(j) = -6*j**2 + 27*j + 11. Let z(f) = -f**2 - f + 1. Let n(l) = b(l) - 3*z(l). What is the remainder when n(9) is divided by 30?
5
Suppose 7581 = 23*b - 4*b. What is the remainder when b is divided by 24?
15
Let n(b) = b**3 - 15*b**2 - 21*b + 18. Let c be n(16). Let a = c + 69. What is the remainder when 67 is divided by a?
4
Suppose 0 = -5*o - 5*h - 175, 225 = -5*o - 3*h + 8*h. Let l(u) = 2*u**3 + 81*u**2 + 40*u + 17. What is the remainder when 48 is divided by l(o)?
14
Suppose 2*n = -2*z - 512 + 718, 0 = 3*z - 4*n - 344. What is the remainder when z is divided by 19?
13
Let f = 1988 - 1924. Calculate the remainder when 374 is divided by f.
54
Let k = -428 - -998. Let t = k - 544. Suppose -3*a = 2*a + 5*n - 655, -a = -3*n - 123. What is the remainder when a is divided by t?
25
Let b(q) = -16*q + 620. Calculate the remainder when 45 is divided by b(38).
9
Let q(f) = f**3 + f**2 - 15*f - 9. What is the remainder when 2060 is divided by q(5)?
14
Suppose x = -4*a - 7, -3*x + 30 = -3*a - 2*a. Suppose 10*g - x*i = 8*g + 140, -3*g + 197 = -i. What is the remainder when 322 is divided by g?
62
Suppose 15 = -3*x, -4*x - 21 = -n - 6. Calculate the remainder when 88 is divided by (-1358)/(-70) + 2/n.
12
Let r = 37 - 20. Suppose 15*v - r*v = 2. Calculate the remainder when 247 is divided by (v - 22/(-26)) + 11084/221.
47
Let b be 1 + 0 + 2 + -63 + 205. Let y = b - 46. What is the remainder when y is divided by 25?
24
Let r = -33153 + 33180. Calculate the remainder when 413 is divided by r.
8
Let s(t) = 5*t**2 - 7. Let m be (12/10)/(9/30). Let u = -947 + 984. What is the remainder when s(m) is divided by u?
36
Let a = 68 + -63. Suppose 0 = 4*n - 3*w - 132, w - a = -4*n + 143. Suppose -n*m + 41*m = 255. Calculate the remainder when m is divided by 13.
12
Let k(p) = -8*p + 404. Let q(h) = -96*h**3 + h**2 + 2*h + 1. Let t be q(-1). What is the remainder when k(47) is divided by (-8)/(-20) - t/(-10)?
8
Suppose -4*a - 4*w + 3*w = -164, 3*a + 5*w - 140 = 0. Suppose a*d + 291 - 851 = 0. Let v = 35 + 4. Calculate the remainder when v is divided by d.
11
What is the remainder when (-128)/(-1728) - (-3 + 33148/(-108)) is divided by 107?
96
Suppose -4*q = 5 - 177. Let i = -2692 - -2828. Calculate the remainder when i is divided by q.
7
Let j = -60 + 62. Let a(u) = -30*u - 3*u**2 + 40*u + j*u**2 + 3. What is the remainder when a(7) is divided by 14?
10
Suppose 5*u + 1269 = 4854. Let y = 757 - u. L